is l(n)?
6
Let y(i) be the first derivative of i**4/4 + 2*i**3/3 - i**2/2 + 6. Suppose z = 2*z - 4*x - 3, 5*z = x + 15. Suppose 3*t = 4*t + z. Determine y(t).
-6
Let i(j) = j. Suppose -m + 7 = m - n, -7 = -3*m + 5*n. Suppose -2*u = -2*p - 10, 4*u = m*p - p + 16. Determine i(u).
1
Let s(a) = 5*a**2 + 5*a**3 - 3 + 0 - 24*a + 26*a - 4*a**3. Calculate s(-3).
9
Let s(z) = -2*z**3 - 1 - 3*z - z**3 + 4*z**3. Let v(a) = a**3 - 9*a**2 + 4*a - 38. Let j be v(9). Calculate s(j).
-3
Let m(h) = -2*h**2 + 3*h + 3. Let y = -18 - -14. Let b(w) = w**2 + 3*w - 1. Let z be b(y). Give m(z).
-6
Let g(x) = x**3 + 8*x**2 + 9*x + 1. Let d(f) = -f**3 - 3*f**2 + 3*f + 3. Let j be d(-2). What is g(j)?
-13
Let k(n) = n + 6. Let o = 34 - 42. Calculate k(o).
-2
Let l(k) = k**2 + 8*k - 1. Let u be (-12)/(-54) + (-148)/18. Let n be l(u). Let o be (3 + n + -2)*1. Let p(i) = i**2. Calculate p(o).
0
Let l = 1 - 2. Let q be -8*(-3)/6 + l. Let v(j) = j + 3*j**2 + j**q - j. What is v(-3)?
0
Let v(r) = -r**2 + 3*r + 5. Let k = 13 + -20. Let t = k - -12. Calculate v(t).
-5
Let l(n) be the third derivative of n**6/120 + n**5/15 - 5*n**4/24 - 5*n**3/6 + 2*n**2 - n. Calculate l(-5).
-5
Let q(g) = 10*g + 1. Let n(u) = -39*u - 4. Let o(s) = -2*n(s) - 9*q(s). Let l = 26 + -25. Give o(l).
-13
Let p(x) = -2*x. Let w be p(2). Let i(g) = -g - 3 + 3 - 1 + 2. Calculate i(w).
5
Let c(h) be the third derivative of h**6/120 - 7*h**5/60 + 7*h**4/24 + 2*h**3/3 - h**2. Determine c(6).
10
Suppose -6*z + 2*z + 8 = 0. Let h(a) = -5*a + 1. Give h(z).
-9
Let z(l) = l**3 - 2*l**2 - l - 3. Let q be 7/3 + (-2)/(-3). Suppose -2*h + 3 = 2*u - q*u, 0 = -4*u + 4*h. Let k be z(u). Let j(g) = g - 5. Determine j(k).
-2
Let k(g) = -g**3 - g**2 - 4*g - 3. Let d = -11 + 9. Determine k(d).
9
Let o(t) = 2*t**2 - 4*t. Let b(w) = -w. Let n be b(6). Let j = -3 - n. Give o(j).
6
Let o(c) = -c**3 - c**2 + c. Let h(y) = -4*y**3 - 7*y**2 - y - 3. Let i(p) = h(p) - 3*o(p). Let t = 2 + -4. What is i(t)?
-3
Let z(i) = -3*i**3 - 8*i**2 - 8*i + 12. Let k(q) = -q**3 - 3*q**2 - 3*q + 4. Let v(s) = -11*k(s) + 4*z(s). Let g = -42 - -45. Calculate v(g).
-11
Let r(y) = -y**3 - y**2 + 3*y - 4. Suppose 0*p = 2*p - 32. Suppose -5*i = p + 9. Let h = 2 + i. What is r(h)?
5
Let u(s) = -s**2 + 6*s + 1. Let y(n) = -10*n - 5. Let f be y(-1). Determine u(f).
6
Suppose -5*o = -3*o - 4. Suppose -b + 6 = o*b. Let x(h) = 7 + 2*h + h**2 - 8 - h**3 + h**2. Give x(b).
3
Let d(v) = -v. Let j(u) = -3*u - 4. Let k(t) = 2*d(t) - j(t). Let w be (2 - -2)/(-1) - -2. Calculate k(w).
2
Let r = 5 + 2. Let s(z) = -z + 8. What is s(r)?
1
Let h(g) = g**2 - 5*g - 3. Let f be h(6). Let t(q) = 2*q**3. Let i be t(1). Let j(x) = -2*x - 3*x**i + x + 1 + 0 + x**3. What is j(f)?
-2
Let m = -13 - -21. Let t be 2/m - 117/(-12). Let z = t - 5. Let b(x) = x**2 - 6*x + 6. Give b(z).
1
Let s(d) = 11*d**2 - 11*d - 5. Let p(j) = 6*j**2 - 6*j - 3. Let b(q) = 7*p(q) - 4*s(q). Let x(c) = c. Let h be x(2). What is b(h)?
-5
Let m(h) = 8*h - 99 + 51 - h**2 + 48. Give m(4).
16
Suppose -s + 0*s = 5*q - 5, 5*s + 35 = 5*q. Let f(i) = i**3 - i**2 + 1. Let y(o) = o**3 - o**2 + 1. Let n(l) = -3*f(l) + 4*y(l). Give n(q).
5
Let y(c) = c**2 - 4*c + 5. Suppose -3*h = 3 + 6. Let t(o) = o**2. Let b(w) = -3*w**2 + 2*w + 1. Let r(u) = b(u) + 4*t(u). Let a be r(h). Calculate y(a).
5
Let l(d) = d**3 - 2*d**2 - 4*d + 5. Let q be l(3). Let t(f) = -f**2 + 2*f + 2. What is t(q)?
2
Let z(i) = -3*i. Let s(o) = -2*o + 1. Let t(x) = -4*s(x) + 3*z(x). Suppose 5*f = 3*f. Let g(a) = a - 5. Let p be g(f). What is t(p)?
1
Suppose 0*l = -3*l - 24. Let s(m) = -m**2 - 8*m + 4. Give s(l).
4
Let l(o) = o**2 - 1. Let v(n) = 7*n**2 + 2*n - 4. Let u be 20/6 + 6/(-18). Let r(q) = u*l(q) - v(q). Let g be 3*(-4)/6 - -3. Calculate r(g).
-5
Let s(d) = 2 - 3*d - 14*d**3 + d + 7*d**3 + d**2 + 6*d**3. Determine s(2).
-6
Let g(y) = y**3 + 4*y**2 + y - 3. Let s be (-3)/(-2 + 4 + -3). Suppose 8 = -s*a + f + 3, f + 7 = -a. Determine g(a).
3
Let h(t) be the second derivative of -t**5/20 + t**4/6 - t**3/2 - 7*t. What is h(2)?
-6
Let p be -2 + 9 + 0/(-1). Let f(d) = d + 2*d + 3*d + p - 5*d. Give f(0).
7
Suppose -6*d = -d, 5*x - 4*d + 25 = 0. Let s(w) be the second derivative of w**5/20 + 5*w**4/12 - 2*w**2 - 5*w. Let b be s(x). Let z(u) = 3*u + 3. What is z(b)?
-9
Suppose -5*u = 5*g - 5, -3*g = -4*u - 1 - 2. Let o(a) be the first derivative of -a**2/2 - 3*a + 2. Determine o(u).
-3
Let o = -49 - -54. Let l(t) = t**3 - 6*t**2 - 3*t - 1. Let p(k) = 5*k**3 - 31*k**2 - 15*k - 4. Let c(n) = 11*l(n) - 2*p(n). Determine c(o).
7
Suppose -2*q = 2*q. Let v be 2/3*(-36)/(-8). Let x(o) = -5*o + 10*o + 2*o**2 - o**2 - v - 6*o. What is x(q)?
-3
Let x(a) = -a - 6*a - a**2 - 2 - 2. Let r be -6 - 0/(2 + -5). Calculate x(r).
2
Let j(p) = -2*p**3 + 9*p**2 - 8*p + 3. Let i(y) = 4*y**3 - 17*y**2 + 15*y - 6. Let q(h) = 6*i(h) + 11*j(h). Suppose -3*r + 8 - 2 = 0. Give q(r).
5
Let d(w) = 7*w - w - 3 + 0*w - 4*w**2 - 1. Let g = 5 + -4. Let s(i) = i**2 - i. Let v(k) = g*d(k) + 3*s(k). Give v(3).
-4
Let k(n) be the third derivative of -n**6/120 - n**5/20 + n**4/12 + n**3/2 - 3*n**2. Suppose -16 = 2*d + 5*q, -q - 8 = 3*d - d. Determine k(d).
-3
Let o(i) = i**2 - 4*i - 7. Suppose -5*p - 10 = 10, 2*n - 5*p = 34. Determine o(n).
14
Let n(o) = -5*o + 2*o**2 - o**2 + 2 + 0. Suppose 12 = -0*l + 4*l. Let i be n(l). Let k(j) = j**3 + 4*j**2 - 1. Give k(i).
-1
Suppose 2*i - 5*p - 90 = -2*p, -145 = -3*i + 2*p. Let t(h) = i*h + 2 + 1 + 0 - 50*h. Give t(-7).
-4
Let t(x) = -2*x**2 - x + 1. Suppose 0 = 3*b - 3 - 0. Let r(o) = -2*o. Let j be r(b). Determine t(j).
-5
Let a(h) = h**2 + 2*h - 6. Suppose 19 + 6 = 5*o. Suppose 0 = -u - o. Give a(u).
9
Let n(p) = 2*p**2 + 2*p - 1. Let d be n(-2). Let y(b) = 2*b**d - 3*b**3 - 5*b**2 - 5 - 1. Let m be 1127/(-207) + 8/18. Determine y(m).
-6
Suppose 0 = -3*d - 4*c - 3 - 8, d + 9 = -4*c. Let k be -5*(-2 - d) - 2. Let s(i) = 3*i**2 - 6*i - k - 4*i**2 - 3 + 0. What is s(-5)?
-1
Suppose 2*f + 0 - 16 = 0. Let a = f + -7. Let z(w) = 6 - 4 - 1 + w + a. Determine z(-3).
-1
Let b(k) be the second derivative of -k**4/12 - 2*k**3/3 - k**2 - 2*k. Suppose -3*c - 8 = -7*c. Let j = -1 - c. Calculate b(j).
1
Suppose -5 = 3*h + 4*a - 0, -h = 3*a + 5. Let t(z) = 2*z**3 + z**2 - 1. Give t(h).
2
Let l = 2 - 5. Let p(x) = x**3 + 4*x**2 + 3*x + 3. Let v be p(l). Let m(w) be the second derivative of -w**5/20 + w**4/6 + 2*w**3/3 - w**2 - w. Calculate m(v).
1
Let d(y) = -y**3 + y**2 - 7. Suppose -1 + 7 = 2*l. Suppose 2*f = -l*f. What is d(f)?
-7
Let u(y) be the third derivative of 0 + 1/6*y**3 + 1/24*y**4 - y**2 + 0*y. Give u(4).
5
Let b(z) = 6*z + 1. Suppose 0 = 4*v - v + 12. Determine b(v).
-23
Let y(f) = -f - 2. Let c be y(-6). Suppose -5*n + 0*n = c*i - 5, 0 = -n + 3*i - 18. Let w(g) be the third derivative of g**4/12 + g**3/2 - 2*g**2. Give w(n).
-3
Let g(x) = -4*x - 3. Let s = -2 + 0. Let b be g(s). Let m(h) = h**3 - 4*h**2 - 4*h - 1. Let k be m(b). Let t(n) = n - 4. What is t(k)?
0
Let l(w) be the first derivative of -w**4/6 - w**3/2 - 3*w**2/2 - 1. Let x(i) be the second derivative of l(i). Determine x(-2).
5
Let b(s) = 2*s**2 - 2*s + 3. Let w(l) = -3*l**2 + 3*l - 5. Let d(m) = -5*b(m) - 3*w(m). Suppose -g + 9 + 5 = 0. Let n = g - 11. What is d(n)?
-6
Let i(z) = -z - 5. Let y(b) = -3. Let a(h) = 2*i(h) - 5*y(h). Determine a(6).
-7
Let j = 7 - 6. Let b = 0 + j. Let t(z) = -8*z**3 - 2*z**2 + 2*z - 1. Calculate t(b).
-9
Let b(r) = 3*r**2 + 2*r - 1. Suppose 3 = p - v - 1, 4*v + 8 = 0. Suppose -5*z + 0 + 4 = g, z + 1 = -p*g. What is b(z)?
4
Let y(d) be the first derivative of d**4/4 - 5*d**3/3 + d**2/2 - d + 13. Calculate y(5).
4
Let n(m) = m**2 + 5*m - 6. Let b = 6 + -1. Suppose 3*d + z + 23 = 0, b*z = -5*d - 0*z - 55. Calculate n(d).
0
Suppose -10 = 3*j - m, 16 = -0*j - 2*j + 3*m. Let l = j + 0. Let v(f) be the first derivative of -f**2 - f + 1. Give v(l).
3
Let l(g) be the third derivative of -g**4/24 + 5*g**3/2 - 9*g**2. Calculate l(7).
8
Let x(z) be the third derivative of z**6/40 - z**5/60 - z**4/12 - z**3/6 + 4*z**2. Let q(k) = -k. Let d be -5*(-3)/15*1. Let b be q(d). Determine x(b).
-3
Let j(p) = -p**2 + 5*p + 6. Suppose 23 = 2*w - 57. Suppose -g = 3*g - w. Let a = g - 5. Give j(a).
6
Suppose -5*v - 18 = -2*v. Let y(a) = -2*a + 6. Give y(v).
18
Let k(